{"id":162,"date":"2022-06-20T14:06:22","date_gmt":"2022-06-20T14:06:22","guid":{"rendered":"http:\/\/neu.gewerbekreis-rheindahlen.de\/?page_id=162"},"modified":"2022-11-30T17:01:35","modified_gmt":"2022-11-30T16:01:35","slug":"kontakt","status":"publish","type":"page","link":"https:\/\/www.gewerbekreis-rheindahlen.de\/?page_id=162","title":{"rendered":"Kontakt"},"content":{"rendered":"\n<h1 class=\"wp-block-heading\">Der Vorstand<\/h1>\n\n\n\n<h3 class=\"wp-block-heading\">1.Vorsitzender<\/h3>\n\n\n\n<p><strong>Roland Willems<\/strong><br>Fliesen Willems<\/p>\n\n\n\n<p>Tel.: 02161 570297<br><a href=\"https:\/\/web.archive.org\/web\/20210124204334\/mailto:r.willems@fliesen-willems.de\">r.willems@fliesen-willems.de<\/a><\/p>\n\n\n\n<p>Stadtwaldstrasse 38<\/p>\n\n\n\n<p>41179 M\u00f6nchengladbach<\/p>\n\n\n\n<h3 class=\"wp-block-heading\">Stellvertretende Vorsitzende<\/h3>\n\n\n\n<p><strong>Stephanie Hammeley<\/strong><\/p>\n\n\n\n<p>Herzk\u00f6nigin<\/p>\n\n\n\n<p>Schuhe f\u00fcr Kids<\/p>\n\n\n\n<p>Tel.: 02161 4075210<\/p>\n\n\n\n<p>Beeckerstrasse 36-38<\/p>\n\n\n\n<p>41179 M\u00f6nchengladbach<\/p>\n\n\n\n<hr class=\"wp-block-separator has-alpha-channel-opacity\"\/>\n\n\n\n<h2 class=\"wp-block-heading\">Kassenwart<\/h2>\n\n\n\n<p><strong>Gudrun Schneider<\/strong><br>Naturheilpraxis<\/p>\n\n\n\n<p>Tel.: &nbsp; 02161 4670093<br><a href=\"https:\/\/web.archive.org\/web\/20210124204334\/mailto:info@naturheilpraxis-muehlentor.de\">info@naturheilpraxis-muehlentor.de<\/a><\/p>\n\n\n\n<p>Am M\u00fchlentor 28-30<\/p>\n\n\n\n<p>41179 M\u00f6nchengladbach<\/p>\n\n\n\n<hr class=\"wp-block-separator has-alpha-channel-opacity\"\/>\n\n\n\n<h2 class=\"wp-block-heading\">Schriftf\u00fchrer<\/h2>\n\n\n\n<p><strong>Ute von Eichborn<\/strong><br>Laptolex e.K.<\/p>\n\n\n\n<p>Tel.: &nbsp; 02161 5889395<br><a href=\"https:\/\/web.archive.org\/web\/20210124204334\/mailto:uve@laptolex.de\">uve@laptolex.de<\/a><\/p>\n\n\n\n<p>Griesbarth 35<\/p>\n\n\n\n<p>41179 M\u00f6nchengladbach<\/p>\n\n\n\n<h3 class=\"wp-block-heading\">Stellvertretende Schriftf\u00fchrerin<\/h3>\n\n\n\n<p class=\"has-palette-color-3-color has-text-color\"><strong>Theresa von den Driesch<\/strong><\/p>\n\n\n\n<p>B\u00fccher von den Driesch<\/p>\n\n\n\n<p>Tel.: 02161 572105<\/p>\n\n\n\n<p>Kleiner Driesch 10<\/p>\n\n\n\n<p>41179 M\u00f6nchengladbach<\/p>\n","protected":false},"excerpt":{"rendered":"<p>Der Vorstand 1.Vorsitzender Roland WillemsFliesen Willems Tel.: 02161 570297r.willems@fliesen-willems.de Stadtwaldstrasse 38 41179 M\u00f6nchengladbach Stellvertretende Vorsitzende Stephanie Hammeley Herzk\u00f6nigin Schuhe f\u00fcr Kids Tel.: 02161 4075210 Beeckerstrasse 36-38 41179 M\u00f6nchengladbach Kassenwart Gudrun SchneiderNaturheilpraxis Tel.: &nbsp; 02161 4670093info@naturheilpraxis-muehlentor.de Am M\u00fchlentor 28-30 41179 M\u00f6nchengladbach Schriftf\u00fchrer Ute von EichbornLaptolex e.K. Tel.: &nbsp; 02161 5889395uve@laptolex.de Griesbarth 35 41179 M\u00f6nchengladbach Stellvertretende Schriftf\u00fchrerin Theresa von den Driesch B\u00fccher von den Driesch Tel.: 02161 572105 Kleiner Driesch 10 41179 M\u00f6nchengladbach<\/p>\n","protected":false},"author":1,"featured_media":0,"parent":0,"menu_order":0,"comment_status":"closed","ping_status":"closed","template":"","meta":{"footnotes":""},"class_list":["post-162","page","type-page","status-publish","hentry"],"blocksy_meta":{"styles_descriptor":{"styles":{"desktop":"","tablet":"","mobile":""},"google_fonts":[],"version":5}},"_links":{"self":[{"href":"https:\/\/www.gewerbekreis-rheindahlen.de\/index.php?rest_route=\/wp\/v2\/pages\/162","targetHints":{"allow":["GET"]}}],"collection":[{"href":"https:\/\/www.gewerbekreis-rheindahlen.de\/index.php?rest_route=\/wp\/v2\/pages"}],"about":[{"href":"https:\/\/www.gewerbekreis-rheindahlen.de\/index.php?rest_route=\/wp\/v2\/types\/page"}],"author":[{"embeddable":true,"href":"https:\/\/www.gewerbekreis-rheindahlen.de\/index.php?rest_route=\/wp\/v2\/users\/1"}],"replies":[{"embeddable":true,"href":"https:\/\/www.gewerbekreis-rheindahlen.de\/index.php?rest_route=%2Fwp%2Fv2%2Fcomments&post=162"}],"version-history":[{"count":11,"href":"https:\/\/www.gewerbekreis-rheindahlen.de\/index.php?rest_route=\/wp\/v2\/pages\/162\/revisions"}],"predecessor-version":[{"id":348,"href":"https:\/\/www.gewerbekreis-rheindahlen.de\/index.php?rest_route=\/wp\/v2\/pages\/162\/revisions\/348"}],"wp:attachment":[{"href":"https:\/\/www.gewerbekreis-rheindahlen.de\/index.php?rest_route=%2Fwp%2Fv2%2Fmedia&parent=162"}],"curies":[{"name":"wp","href":"https:\/\/api.w.org\/{rel}","templated":true}]}}